s 2438476167 prime?
False
Is 60163358749 a composite number?
True
Is 2416439461 prime?
False
Is 6468428297 prime?
True
Is 32133694169 prime?
True
Is 9139644447 composite?
True
Is 11781548043 a composite number?
True
Is 344202713 a prime number?
False
Is 783291263 a prime number?
False
Is 6370742479 prime?
False
Is 13792384211 a composite number?
True
Is 69228857 a prime number?
True
Is 71276371 composite?
True
Is 92596851689 a prime number?
False
Is 24477411197 a prime number?
True
Is 13331965631 composite?
False
Is 437285089 composite?
False
Is 4976374543 prime?
False
Is 57418745773 a composite number?
False
Is 660554047 a composite number?
False
Is 7003784719 composite?
False
Is 21535387 prime?
False
Is 3395930617 a prime number?
True
Is 1581645227 prime?
True
Is 1563037097 a prime number?
False
Is 351430237 composite?
True
Is 62136578051 a composite number?
False
Is 94537741 prime?
True
Is 126987701 composite?
True
Is 1149234461 composite?
False
Is 599374387 prime?
False
Is 954915239 a composite number?
True
Is 27934153973 prime?
False
Is 690435113 a composite number?
False
Is 15905508457 a composite number?
False
Is 127294681 a prime number?
True
Is 675677641 a composite number?
True
Is 3784547843 a prime number?
True
Is 5508527197 a prime number?
True
Is 32078237 a composite number?
True
Is 74786729 a composite number?
True
Is 15408004193 composite?
False
Is 328297231 composite?
False
Is 1945204127 composite?
False
Is 220190741 a composite number?
True
Is 2162703143 prime?
False
Is 15001456841 prime?
False
Is 3611522249 composite?
False
Is 699714831 a prime number?
False
Is 244900794155 prime?
False
Is 19988395639 a prime number?
True
Is 260152091 composite?
True
Is 4722726419 prime?
True
Is 1711177861 prime?
True
Is 27664342417 a prime number?
True
Is 779205919 prime?
True
Is 61603379 a prime number?
True
Is 568729037 prime?
True
Is 892448749 a prime number?
False
Is 4065669331 a composite number?
True
Is 1576420418 prime?
False
Is 1210388161 a composite number?
True
Is 7786045867 prime?
True
Is 1262720213 composite?
False
Is 5475021421 composite?
True
Is 704176147 a prime number?
True
Is 65530837 a prime number?
True
Is 1146235289 prime?
False
Is 48405751687 composite?
False
Is 3812393111 prime?
False
Is 14487883409 a prime number?
True
Is 1391535371 a composite number?
False
Is 14152159873 a prime number?
False
Is 22389281429 composite?
True
Is 24018080771 composite?
False
Is 18474300067 prime?
False
Is 4178186291 composite?
True
Is 67628083 prime?
False
Is 1769007769 prime?
True
Is 807381493 prime?
False
Is 3698993 a prime number?
False
Is 9218372713 prime?
False
Is 14116662983 a prime number?
True
Is 2745041105 prime?
False
Is 9467974291 a prime number?
True
Is 26637700013 a prime number?
True
Is 2836719869 prime?
True
Is 96187991 composite?
True
Is 151453121837 a composite number?
True
Is 15519797 composite?
False
Is 1207369297 composite?
True
Is 13261090009 prime?
True
Is 15211816363 a prime number?
True
Is 26111601383 composite?
True
Is 35728684549 a prime number?
True
Is 3634666187 a prime number?
False
Is 251515177 a composite number?
False
Is 20401393567 a prime number?
False
Is 165929602 a prime number?
False
Is 258643178 prime?
False
Is 256870319 composite?
True
Is 5109805669 prime?
True
Is 284683342 a prime number?
False
Is 1131818357 prime?
True
Is 51124540717 composite?
False
Is 573066437 composite?
False
Is 186464323 prime?
False
Is 279686801 a prime number?
False
Is 47272335469 a prime number?
True
Is 547923511 a composite number?
True
Is 11141562197 a prime number?
False
Is 43658872451 a prime number?
False
Is 829586099 prime?
True
Is 22243553 prime?
False
Is 1166011723 a prime number?
True
Is 117083022101 a prime number?
True
Is 8559576121 a prime number?
False
Is 2744123407 prime?
True
Is 799869491 prime?
True
Is 442979027 a prime number?
False
Is 13958485577 prime?
True
Is 270630797 composite?
False
Is 11617073873 prime?
False
Is 625787909 prime?
True
Is 37219061179 a composite number?
True
Is 12300281417 prime?
True
Is 4010814839 prime?
True
Is 18014037337 composite?
False
Is 9140146838 a prime number?
False
Is 500949793 a prime number?
True
Is 2813954071 prime?
False
Is 14744973587 composite?
False
Is 438379091 composite?
True
Is 316772707 composite?
False
Is 250743023 prime?
True
Is 545220707 composite?
True
Is 391786093 composite?
False
Is 41077898223 composite?
True
Is 73439064401 prime?
False
Is 13481152957 prime?
False
Is 10094271158 a composite number?
True
Is 1760435207 prime?
True
Is 974057299 a composite number?
False
Is 157011301 a prime number?
True
Is 994049737 a prime number?
True
Is 24611309609 a composite number?
True
Is 26098766873 composite?
False
Is 48102901621 prime?
True
Is 71420873 a composite number?
False
Is 1009493389 composite?
True
Is 10704296909 prime?
False
Is 1031626777 a prime number?
True
Is 38545391645 a prime number?
False
Is 14916970429 a prime number?
False
Is 380856481 prime?
True
Is 84389955719 a composite number?
True
Is 75937432573 a prime number?
False
Is 213966917 a composite number?
False
Is 30591908773 prime?
True
Is 319363219433 prime?
True
Is 830209889 prime?
False
Is 33615096059 a composite number?
False
Is 215930357 composite?
False
Is 1390229465 a composite number?
True
Is 1306962857 composite?
False
Is 17728366687 a composite number?
False
Is 307188109 composite?
False
Is 383794259 composite?
False
Is 51985834253 composite?
False
Is 2589666361 prime?
False
Is 5005867099 a prime number?
True
Is 14535490007 prime?
False
Is 393858082 composite?
True
Is 115570972261 a composite number?
False
Is 2541700727 a composite number?
False
Is 3822849707 prime?
True
Is 47138233757 prime?
True
Is 26743319557 a composite number?
True
Is 225802607 a prime number?
True
Is 135601393 composite?
True
Is 1435183777 prime?
False
Is 12489861763 prime?
False
Is 95013102977 prime?
False
Is 866196629 prime?
False
Is 82123381 a prime number?
True
Is 607109719 composite?
True
Is 11452662901 composite?
True
Is 8030170549 prime?
True
Is 650582587 a prime number?
False
Is 13915716959 composite?
False
Is 83876665 a prime number?
False
Is 14635530467 composite?
True
Is 42295437341 a prime number?
True
Is 3191915867 prime?
False
Is 8031403033 prime?
True
Is 5264017159 a composite number?
True
Is 6475313171 a composite number?
False
Is 183527339199 a composite number?
True
Is 336012223 a composite number?
False
Is 630213233 prime?
False
Is 3225261047 a composite number?
True
Is 4280322902 composite?
True
Is 432902266 composite?
True
Is 107672189297 a composite number?
False
Is 202556983 prime?
False
Is 21914713123 prime?
False
Is 13775139727 a prime number?
True
Is 368167109 a prime number?
False
Is 188010511 a composite number?
True
Is 309604913 prime?
False
Is 2218282367 a composite number?
True
Is 37936258519 a composite number?
True
Is 657333947 composite?
False
Is 10424053165 a composite number?
True
Is 8645963933 a prime number?
True
Is 19235926687 a prime number?
False
Is 413452957 a prime number?
False
Is 1587111451 a composite number?
False
Is 2754799093 prime?
True
Is 23185542581 composite?
True
Is 853986593 a composite number?
True
Is 972302117 a prime number?
False
Is 16397881319 prime?
True
Is 23736179 a prime number?
True
Is 1196357059 a composite number?
True
Is 428033999 prime?
True
Is 188878306 prime?
False
Is 20521139851 a prime number?
False
Is 325389733 a composite number?
True
Is 5736766733 a prime number?
True
Is 119411973289 a composite number?
True
Is 4659285041 prime?
True
Is 10632420439 prime?
True
Is 2186275873 a composite number?
False
Is 102678012767 prime?
False
Is 3837731627 a composite number?
False
Is 14844660487 composite?
False
Is 116426291 a composite number?
False
Is 630808489 a prime number?
True
Is 47640129463 composite?
True
Is 321868951 a prime number?
True
Is 781868747 a composite number?
True
Is 1698531773 a composite number?
True
Is 693837223 a prime number?
True
Is 54598882067 a prime number?
True
Is 438961573 a prime number?
False
Is 44668069001 a composite number?
False
Is 14749103 prime?
True
Is 3092847677 composite?
True
Is 5740264457 composite?
True
Is 3248542519 composite?
False
Is 9042101441 a composite number?
False
Is 360886109 prime?
True
Is 1